 and 175.
7
What is the highest common divisor of 6 and 81?
3
Calculate the greatest common factor of 935 and 3145.
85
What is the greatest common divisor of 99 and 209?
11
Calculate the greatest common divisor of 1435 and 246.
41
Calculate the highest common divisor of 45 and 378.
9
Calculate the highest common factor of 6697 and 481.
37
Calculate the highest common factor of 1320 and 8.
8
Calculate the greatest common divisor of 800 and 250.
50
What is the greatest common factor of 405 and 9?
9
Calculate the highest common divisor of 42 and 1134.
42
What is the highest common divisor of 8 and 11432?
8
Calculate the highest common divisor of 12 and 112.
4
What is the highest common factor of 615 and 30?
15
What is the greatest common divisor of 130 and 260?
130
What is the greatest common factor of 300 and 336?
12
Calculate the highest common factor of 124 and 558.
62
What is the greatest common divisor of 108 and 576?
36
What is the greatest common divisor of 8722 and 98?
98
What is the highest common factor of 551 and 29?
29
Calculate the greatest common divisor of 15 and 4515.
15
Calculate the highest common factor of 147 and 399.
21
What is the highest common divisor of 3904 and 1586?
122
Calculate the highest common factor of 27 and 144.
9
What is the greatest common divisor of 418 and 44?
22
What is the greatest common factor of 208 and 144?
16
What is the highest common divisor of 74 and 407?
37
Calculate the highest common divisor of 65 and 6565.
65
What is the greatest common divisor of 3249 and 9?
9
What is the highest common factor of 99 and 297?
99
Calculate the highest common factor of 3 and 102.
3
What is the highest common factor of 286 and 78?
26
What is the greatest common divisor of 32 and 1944?
8
What is the greatest common factor of 296 and 2775?
37
Calculate the highest common divisor of 99 and 957.
33
Calculate the greatest common divisor of 1064 and 896.
56
What is the greatest common divisor of 205 and 2091?
41
What is the greatest common factor of 123 and 2337?
123
Calculate the highest common divisor of 378 and 49.
7
What is the greatest common divisor of 6 and 318?
6
What is the highest common factor of 117 and 91?
13
What is the highest common divisor of 41 and 779?
41
What is the greatest common factor of 6179 and 501?
167
Calculate the greatest common divisor of 8 and 7288.
8
What is the greatest common factor of 175 and 200?
25
What is the greatest common divisor of 75 and 25?
25
Calculate the greatest common factor of 850 and 34.
34
What is the greatest common factor of 1856 and 580?
116
Calculate the greatest common factor of 5460 and 20.
20
What is the highest common factor of 272 and 288?
16
What is the highest common divisor of 38 and 551?
19
What is the greatest common divisor of 42 and 18?
6
What is the highest common divisor of 3243 and 138?
69
Calculate the greatest common divisor of 27 and 108.
27
What is the greatest common divisor of 1836 and 14994?
306
What is the highest common factor of 40 and 60?
20
What is the highest common factor of 253 and 115?
23
Calculate the greatest common divisor of 20 and 52340.
20
Calculate the greatest common divisor of 243 and 10.
1
Calculate the greatest common factor of 17442 and 216.
54
Calculate the highest common divisor of 12 and 17748.
12
What is the greatest common divisor of 77 and 385?
77
Calculate the greatest common divisor of 175 and 550.
25
What is the highest common divisor of 216 and 1026?
54
Calculate the highest common factor of 595 and 680.
85
Calculate the highest common factor of 52 and 2600.
52
Calculate the greatest common factor of 7847 and 236.
59
What is the greatest common factor of 9 and 47457?
9
What is the highest common factor of 96 and 7616?
32
Calculate the greatest common divisor of 2180 and 40.
20
Calculate the greatest common factor of 66 and 231.
33
Calculate the greatest common factor of 209 and 154.
11
What is the greatest common divisor of 68 and 3536?
68
Calculate the greatest common divisor of 363 and 561.
33
Calculate the highest common factor of 351 and 78.
39
Calculate the highest common factor of 140 and 124.
4
What is the highest common divisor of 21 and 1687?
7
What is the highest common divisor of 820 and 40?
20
Calculate the greatest common factor of 135 and 7200.
45
Calculate the highest common factor of 564 and 48.
12
Calculate the greatest common divisor of 9 and 879.
3
What is the greatest common divisor of 102 and 238?
34
Calculate the highest common divisor of 51 and 68.
17
Calculate the greatest common factor of 126 and 19782.
126
What is the greatest common divisor of 56 and 24752?
56
What is the highest common factor of 720 and 320?
80
Calculate the highest common divisor of 7 and 9744.
7
What is the greatest common divisor of 1428 and 1122?
102
What is the highest common factor of 6 and 222?
6
Calculate the greatest common divisor of 168 and 5061.
21
Calculate the highest common divisor of 3473 and 322.
23
What is the greatest common factor of 51 and 3?
3
Calculate the greatest common factor of 8910 and 132.
66
What is the highest common factor of 12 and 3?
3
What is the highest common factor of 238 and 98?
14
What is the greatest common divisor of 2 and 82?
2
What is the highest common divisor of 294 and 3?
3
Calculate the highest common divisor of 33 and 11.
11
What is the greatest common factor of 165 and 44?
11
Calculate the highest common factor of 53477 and 53.
53
Calculate the highest common factor of 70 and 6170.
10
What is the highest common factor of 42 and 366?
6
What is the highest common divisor of 15 and 95?
5
What is the greatest common divisor of 300 and 400?
100
Calculate the greatest common divisor of 11049 and 174.
87
What is the highest common factor of 300 and 12?
12
Calculate the greatest common factor of 9 and 3762.
9
What is the greatest common factor of 35 and 25?
5
What is the highest common divisor of 52 and 702?
26
What is the highest common divisor of 8704 and 352?
32
What is the greatest common divisor of 143 and 44?
11
Calculate the highest common divisor of 179 and 7697.
179
Calculate the greatest common divisor of 92 and 69.
23
Calculate the greatest common divisor of 76 and 44.
4
Calculate the highest common factor of 520 and 1196.
52
What is the highest common factor of 1886 and 82?
82
What is the highest common divisor of 711 and 18?
9
What is the highest common divisor of 10 and 70?
10
Calculate the greatest common factor of 112 and 280.
56
What is the highest common divisor of 2256 and 432?
48
What is the highest common factor of 5877 and 9?
9
Calculate the highest common factor of 3 and 8.
1
Calculate the highest common divisor of 20 and 3100.
20
What is the greatest common factor of 99 and 90?
9
What is the greatest common divisor of 18 and 24?
6
Calculate the highest common factor of 7110 and 90.
90
What is the greatest common divisor of 125 and 16925?
25
What is the highest common factor of 767 and 91?
13
What is the greatest common divisor of 28 and 48?
4
What is the greatest common divisor of 512 and 304?
16
Calculate the highest common factor of 4 and 68.
4
Calculate the greatest common divisor of 111 and 259.
37
Calculate the highest common divisor of 62 and 123690.
62
What is the greatest common divisor of 372 and 6?
6
What is the greatest common divisor of 54 and 2718?
18
Calculate the greatest common divisor of 656 and 7954.
82
What is the highest common divisor of 31 and 26009?
31
Calculate the highest common divisor of 600 and 33.
3
Calculate the greatest common factor of 170 and 20.
10
What is the greatest common factor of 96 and 180?
12
What is the highest common factor of 46 and 3082?
46
What is the greatest common factor of 81 and 72?
9
What is the highest common divisor of 448 and 14?
14
Calculate the greatest common factor of 90 and 70.
10
Calculate the greatest common factor of 2805 and 90.
15
What is the greatest common factor of 14 and 70?
14
Calculate the highest common divisor of 6023 and 38.
19
Calculate the greatest common factor of 5 and 16620.
5
Calculate the highest common factor of 1330 and 126.
14
Calculate the highest common divisor of 79 and 237.
79
Calculate the greatest common factor of 12194 and 728.
182
Calculate the greatest com